 is -2 (base 8) in base 16?
-2
17 (base 11) to base 4
102
What is 1 (base 13) in base 11?
1
Convert 23 (base 8) to base 6.
31
What is -11 (base 6) in base 11?
-7
Convert 4 (base 5) to base 16.
4
9 (base 10) to base 4
21
What is -10 (base 6) in base 15?
-6
What is -1 (base 4) in base 2?
-1
Convert 10 (base 13) to base 7.
16
Convert -172 (base 11) to base 12.
-148
Convert 4 (base 10) to base 6.
4
100000 (base 2) to base 13
26
Convert -20 (base 3) to base 4.
-12
What is 28 (base 16) in base 9?
44
11 (base 4) to base 15
5
-4 (base 14) to base 4
-10
Convert -112 (base 5) to base 4.
-200
What is -a (base 16) in base 13?
-a
-6 (base 13) to base 8
-6
-86 (base 15) to base 9
-150
Convert 11 (base 5) to base 10.
6
What is 21222 (base 3) in base 6?
555
What is 212 (base 3) in base 13?
1a
61 (base 9) to base 14
3d
-2 (base 4) to base 11
-2
Convert -2 (base 16) to base 13.
-2
What is -45 (base 10) in base 14?
-33
Convert 21 (base 3) to base 16.
7
-20 (base 4) to base 2
-1000
Convert 212 (base 3) to base 13.
1a
1 (base 6) to base 8
1
Convert -1 (base 8) to base 14.
-1
-10000 (base 2) to base 5
-31
-10 (base 5) to base 12
-5
183 (base 9) to base 5
1111
9 (base 14) to base 10
9
-7 (base 10) to base 15
-7
What is 18 (base 10) in base 11?
17
2d (base 15) to base 3
1121
3012 (base 4) to base 6
530
0 (base 5) to base 13
0
What is -23 (base 4) in base 5?
-21
What is 1111 (base 4) in base 5?
320
What is 23 (base 5) in base 12?
11
Convert 82 (base 14) to base 6.
310
2 (base 12) to base 10
2
What is -20 (base 13) in base 14?
-1c
What is 1 (base 4) in base 2?
1
What is -22 (base 4) in base 8?
-12
-1 (base 3) to base 8
-1
Convert -12201 (base 3) to base 7.
-310
Convert -102 (base 6) to base 7.
-53
Convert -7 (base 16) to base 9.
-7
What is -7 (base 11) in base 5?
-12
What is 146 (base 9) in base 6?
323
What is -4 (base 6) in base 16?
-4
What is -1010 (base 2) in base 15?
-a
15 (base 14) to base 13
16
What is -4 (base 14) in base 5?
-4
Convert -211 (base 5) to base 12.
-48
-23 (base 13) to base 3
-1002
What is -1f (base 16) in base 2?
-11111
What is -173 (base 12) in base 8?
-347
114 (base 8) to base 15
51
Convert 4 (base 10) to base 9.
4
What is -3 (base 5) in base 2?
-11
Convert -110 (base 2) to base 12.
-6
-2 (base 6) to base 3
-2
-9 (base 16) to base 4
-21
Convert -23 (base 5) to base 6.
-21
-2 (base 10) to base 16
-2
144 (base 6) to base 4
1000
Convert -3e (base 15) to base 5.
-214
-10 (base 3) to base 16
-3
25 (base 10) to base 4
121
-227 (base 12) to base 15
-164
22 (base 10) to base 5
42
What is -110 (base 3) in base 4?
-30
What is 1 (base 12) in base 15?
1
Convert -18 (base 12) to base 10.
-20
What is -5 (base 13) in base 11?
-5
-3 (base 12) to base 10
-3
What is 8 (base 14) in base 12?
8
What is -410 (base 7) in base 10?
-203
Convert -21 (base 15) to base 7.
-43
Convert 18 (base 14) to base 16.
16
2 (base 3) to base 16
2
-53 (base 12) to base 8
-77
3c (base 13) to base 9
56
Convert 269 (base 12) to base 13.
225
Convert 22111 (base 3) to base 8.
345
Convert -23 (base 4) to base 16.
-b
What is 2 (base 6) in base 2?
10
-10 (base 2) to base 5
-2
What is -43 (base 8) in base 15?
-25
What is -4 (base 13) in base 6?
-4
-153 (base 7) to base 2
-1010111
What is -2 (base 13) in base 4?
-2
Convert 4 (base 16) to base 15.
4
What is 44 (base 14) in base 10?
60
-2 (base 15) to base 4
-2
Convert 13 (base 14) to base 3.
122
-d6 (base 14) to base 12
-138
What is 7 (base 10) in base 15?
7
Convert -231 (base 5) to base 3.
-2110
-7 (base 14) to base 16
-7
0 (base 4) to base 3
0
3 (base 8) to base 12
3
Convert -3 (base 4) to base 7.
-3
53 (base 14) to base 7
133
What is 6 (base 7) in base 15?
6
-22 (base 10) to base 11
-20
What is 20001 (base 3) in base 12?
117
What is -10 (base 4) in base 6?
-4
Convert 158 (base 12) to base 9.
255
What is -106 (base 10) in base 9?
-127
111110 (base 2) to base 3
2022
1 (base 3) to base 14
1
24 (base 5) to base 4
32
101 (base 2) to base 12
5
72 (base 15) to base 5
412
Convert 11 (base 4) to base 6.
5
What is -134 (base 5) in base 6?
-112
Convert 10110 (base 2) to base 9.
24
-7 (base 9) to base 10
-7
Convert 12 (base 8) to base 4.
22
Convert -1 (base 13) to base 5.
-1
Convert 115 (base 6) to base 8.
57
Convert -13 (base 6) to base 16.
-9
46 (base 12) to base 4
312
What is -5 (base 13) in base 8?
-5
Convert 3 (base 8) to base 2.
11
-5 (base 9) to base 5
-10
What is -108 (base 16) in base 6?
-1120
Convert -7 (base 14) to base 3.
-21
What is -407 (base 8) in base 9?
-322
What is -22 (base 11) in base 14?
-1a
What is -33 (base 12) in base 5?
-124
Convert 1 (base 11) to base 2.
1
Convert -2 (base 7) to base 16.
-2
What is -1 (base 11) in base 4?
-1
Convert 3 (base 13) to base 14.
3
Convert 152 (base 6) to base 15.
48
-8a (base 13) to base 9
-136
Convert -43 (base 11) to base 5.
-142
-100 (base 2) to base 10
-4
Convert 11 (base 15) to base 7.
22
What is c (base 15) in base 8?
14
Convert 101 (base 3) to base 6.
14
-11001 (base 2) to base 7
-34
Convert 7 (base 14) to base 4.
13
251 (base 6) to base 16
67
What is 10101 (base 2) in base 11?
1a
21 (base 7) to base 4
33
Convert 5 (base 11) to base 14.
5
b2 (base 15) to base 5
1132
What is -2 (base 11) in base 12?
-2
Convert 202 (base 3) to base 15.
15
What is -9 (base 16) in base 13?
-9
1 (base 12) to base 7
1
-3 (base 4) to base 15
-3
What is -36 (base 11) in base 14?
-2b
-13 (base 6) to base 5
-14
Convert -7 (base 14) to base 15.
-7
Convert 10 (base 8) to base 6.
12
0 (base 2) to base 3
0
Convert -1232 (base 4) to base 14.
-7c
-28 (base 15) to base 16
-26
-90 (base 13) to base 6
-313
-100 (base 2) to base 10
-4
What is -13 (base 9) in base 16?
-c
-2 (base 13) to base 11
-2
Convert 110 (base 3) to base 11.
11
What is -104 (base 5) in base 10?
-29
What is -6 (base 16) in base 5?
-11
Convert -2 (base 6) to base 7.
-2
What is 230 (base 7) in base 10?
119
-221 (base 6) to base 4
-1111
What is -a1 (base 15) in base 16?
-97
What is 126 (base 7) in base 8?
105
-25 (base 6) to base 7
-23
Convert 35 (base 6) to base 4.
113
1 (base 15) to base 9
1
Convert 1 (base 15) to base 3.
1
Convert -dd (base 15) to base 11.
-17a
What is 7 (base 11) in base 12?
7
Convert -14 (base 8) to base 5.
-22
Convert 1 (base 10) to base 9.
1
What is 1 (base 13) in base 6?
1
What is 8 (base 12) in base 16?
8
-1 (base 13) to base 6
-1
What is 11 (base 14) in base 12?
13
What is -24 (base 6) in base 10?
-16
-29 (base 11) to base 7
-43
-39 (base 10) to base 5
-124
Convert -1110 (base 2) to base 8.
-16
2 (base 3) to base 8
2
What is -57 (base 13) in base 10?
-72
Convert -2 (base 4) to base 9.
-2
1a (base 11) to base 8
25
What is 10 (base 6) in base 9?
6
-10 (base 6) to base 14
-6
What is 48 (base 10) in base 12?
40
Convert 122 (base 3) to base 4.
101
-101101010 (base 2) to base 11
-2aa
Convert 50 (base 6) to base 3.
1010
Convert -18 (base 16) to base 15.
-19
What is 17 (base 9) in base 5?
31
What is b (base 15) in base 5?
21
0 (base 14) to base 11
0
What is 10000 (base 2) in base 7?
22
Convert -30 (base 7) to base 14.
-17
Convert -b3 (base 13) to base 14.
-a6
Convert 0 (base 3) to base 4.
0
Convert 1 (base 6) to base 5.
1
What is -14 (base 13) in base 7?
-23
-2 (base 5) to base 7
-2
5 (base 8) to base 11
5
What is -148 (base 9) in base 10?
-125
7 (base 16) to base 15
7
Convert -23 (base 4) to base 13.
-b
What is -25 (base 8) in base 7?
-30
Convert 2 (base 6) to base 15.
2
Convert 3 (base 8) to base 11.
3
Convert 17 (base 15) to base 9.
24
Convert -2 (base 12) to base 16.
-2
Convert -a (base 13) to base 2.
-1010
What is -4 (base 7) in base 8?
-4
-16 (base 8) to base 10
-14
What is 0 (base 9) in base 2?
0
Convert -7 (base 15) to base 6.
-11
Convert -155 (base 8) to base 4.
-1231
Convert 77 (base 13) to base 15.
68
What is -3 (base 15) in base 14?
-3
What is -4 (base 6) in base 5?
-4
220 (base 6) to base 10
84
What is 5 (base 12) in base 11?
5
What is 83 (base 12) in base 6?
243
What is 1 (base 5) in base 12?
1
-29 (base 13) to base 7
-50
-12 (base 3) to base 11
-5
Convert b (base 14) to base 15.
b
10111000 (base 2) to base 3
20211
Convert 5 (base 16) to base 8.
5
What is -144 (base 14) in base 4?
-10000
-42 (base 9) to base 2
-100110
What is -1000 (base 2) in base 6?
-12
What is 15 (base 8) in base 3?
111
What is 10 (base 3) in base 15?
3
-1100